 common factor of 18 and t.
18
Suppose 0 = 5*p + 4*r - 454, -2*p + 22 = -2*r - 156. Calculate the greatest common factor of 315 and p.
45
Let q be (-10)/(-3)*(-12)/10. Let f be 5 + 0/(q + 2). Suppose 3 = -j + f*g, -j + 3*g - 2 = -5. Calculate the highest common divisor of j and 108.
12
Suppose -2*n + 2*x + 114 = -x, 0 = n + 4*x - 46. Calculate the greatest common divisor of 729 and n.
27
Suppose -2*b - 433 = -i, 2*i - b = 3*i - 445. Calculate the greatest common divisor of i and 49.
49
Suppose -q + 4 = -3*o, -5*o - 12 - 4 = 3*q. Let p be q*2/(-4)*7. Let b be -6*28/(-18)*6. What is the greatest common divisor of p and b?
7
Let p be 1/(3/30)*(-4)/8. Let w(u) = -2*u**2 - 11*u + 1. Let m be w(p). Suppose 5*n - 1 - 29 = 0. Calculate the highest common factor of m and n.
6
Suppose 680 = 22*v - 596. What is the greatest common factor of 551 and v?
29
Let n = 64 + -49. Suppose -453 = -2*m + n. What is the greatest common factor of m and 26?
26
Let c = -62 - 97. Let j = -87 - c. Suppose -188 = -4*a - 2*f - 2*f, 51 = a - 3*f. Calculate the highest common factor of a and j.
24
Suppose 2*r = -2*m - 2, -4*m - 4*r = -2*m. Let x be (8/10)/(m/(-55)). Calculate the highest common factor of 55 and x.
11
Suppose -3*u + 2*u + 21 = 0. Let v(w) = w**3 - 3*w**2 + 2*w + 3. Let r = -12 + 17. Let a be v(r). Calculate the greatest common factor of u and a.
21
Let b(o) = -o**2 + 13*o - 21. Let g be b(8). Let k = 5 + g. Let f = -1 + 4. What is the highest common factor of k and f?
3
Let h = -587 + 773. Calculate the highest common divisor of h and 496.
62
Suppose 158 = 14*t - 346. Let i = 41 + 49. Calculate the highest common factor of t and i.
18
Let k = 41 + -37. Let p be (-12)/(k/8 + -2). Suppose p*z - 84 = z. Calculate the greatest common factor of z and 3.
3
Let i be 5/(5/6) - (-5 - -5). Let k be 2 + 2 + (57 - i). What is the greatest common divisor of k and 22?
11
Suppose -70*u + 1156 = -6194. Let j be 6*(10 + -1 + -2). What is the greatest common factor of u and j?
21
Let m(y) = y**2 - 2*y - 13. Let h be m(5). Suppose -5*i = -12 - 18. Calculate the highest common factor of h and i.
2
Suppose 0 = 14*u - 13*u. Suppose 3*p - 4 - 113 = u. Let j = p - -27. What is the highest common factor of 22 and j?
22
Suppose 2*j - 9 = -7. Suppose 3*f - o = 5, -5*o = -0*f + 5*f - 35. Calculate the highest common factor of j and f.
1
Let y = -7 + 26. Let l = 28 - y. Suppose -3*b - 7*b = -10. What is the greatest common factor of l and b?
1
Suppose 0 = -176*z + 168*z + 504. Suppose -3*b = 0, -5*u = 2*b - b - 45. What is the highest common divisor of u and z?
9
Let m be 24/18*15/2. Let q(k) = k**3 + k**2 - k + 80. Let o be q(0). What is the highest common divisor of m and o?
10
Suppose -3*k - 5 = -2*g + g, -3*k + 39 = 3*g. Suppose -w + 297 = 2*w. What is the greatest common factor of w and g?
11
Suppose 3*w - 58 = -2*r - 13, -3*r + 2*w + 61 = 0. Let a = 59 - r. Let j(y) = -y**2 + 15*y + 1. Let c be j(7). Calculate the highest common divisor of c and a.
19
Let j = -123 - -134. What is the highest common divisor of j and 44?
11
Suppose 0 = 6*u - 32 - 34. Suppose -u*v + 420 = -6*v. Let p be 2/(-4) - (-50)/4. What is the highest common factor of p and v?
12
Let x be 362/9 + 4/(-18). Suppose -2*p = -3*u + 62, -p = u - 43 + 24. What is the highest common factor of u and x?
20
Let t = 702 + -504. Let k be 33*3*4/18. Calculate the greatest common factor of k and t.
22
Let j = 354 + -256. Calculate the highest common divisor of 56 and j.
14
Let i be ((-510)/(-306))/((-2)/(-228)). Calculate the highest common divisor of 10 and i.
10
Suppose 981 - 221 = 20*p. What is the greatest common factor of p and 608?
38
Let g(s) = -1. Let b(k) = 2*k**2 - 7*k + 6. Let f(r) = b(r) + 6*g(r). Let n be f(6). Calculate the greatest common divisor of n and 15.
15
Let r be -8*(-3)/(-28)*(-7 - 0). Calculate the greatest common factor of 117 and r.
3
Let c(b) = 5*b + 85*b**3 + 15*b - 43*b**2 - 87*b**3 + 11. Let x be c(-22). Calculate the greatest common divisor of 22 and x.
11
Suppose -1957 = -14*z + 731. What is the highest common factor of 336 and z?
48
Let u(v) = v**2 - 25*v + 133. Let o be u(18). Calculate the highest common factor of 749 and o.
7
Let z be 18/(8 + (-48)/8). Calculate the highest common divisor of 963 and z.
9
Let s = -305 - -811. Let g be 113025/2466 - (0 + (-1)/6). What is the highest common divisor of g and s?
46
Let x = 27 + -14. Suppose 133 = 5*m - p, -41 = -m - 0*p + 5*p. Calculate the greatest common divisor of x and m.
13
Suppose -10*d + 390 = 16*d. What is the highest common factor of 345 and d?
15
Let w(h) = -h**3 - 11*h**2 + 5*h + 9. Let u be w(-12). Let z be (-4 + u/(-6))/(1/(-10)). What is the highest common divisor of 78 and z?
39
Suppose -4*q = 5*d - 25, -d - 25 = -6*d + 5*q. Let n = 194 - 134. Suppose -z + n = z. What is the highest common factor of z and d?
5
Let f(i) = -i**2 + 32*i - 69. Let n be f(21). Suppose 161 = 3*o + g, -g + 103 + n = 5*o. Calculate the highest common divisor of o and 4.
4
Let p = 1 - 0. Let g(u) be the third derivative of u**5/60 - u**4/4 - 7*u**3/6 + 43*u**2. Let b be g(8). Calculate the highest common factor of b and p.
1
Let x(r) = r**3 - 9*r**2 - 11*r - 33. Let o be x(11). What is the greatest common factor of o and 16?
8
Let r(j) = 36*j**3 - j + 2. Let n be r(1). Suppose -i + n = 6. What is the highest common factor of 62 and i?
31
Let y be (-36)/15*700/(-60). What is the highest common divisor of y and 42?
14
Let t(g) be the second derivative of 2*g**3/3 - 18*g**2 - 24*g. Let c be t(14). What is the greatest common factor of c and 70?
10
Let b = 276 + 21. Calculate the greatest common factor of b and 22.
11
Let w be ((-154)/35)/((84/45)/(-14)). Calculate the greatest common divisor of 3597 and w.
33
Suppose 2114 = 2*x + 3*i, -5*x - 3*i + 5304 = -5*i. Calculate the highest common factor of x and 20.
20
Let p = 33 + -18. Let m(a) = 2*a**2 - 2*a - 15. Let y be m(-5). What is the greatest common factor of y and p?
15
Suppose 23*s - 20*s - 123 = 0. Calculate the greatest common factor of s and 328.
41
Suppose 4*a + 35 = 243. What is the greatest common divisor of 4 and a?
4
Suppose 0 = -10*i + 4469 + 8111. Calculate the highest common divisor of 34 and i.
34
Suppose 6*c = 33 - 339. Let x = 62 + c. Let j = 169 - 114. Calculate the highest common divisor of j and x.
11
Suppose 0*y + 140 = 2*y. What is the greatest common factor of 15 and y?
5
Let o be 12*(-3 - 22/(-6)). Let d(c) = 2*c - 11. Let m be d(o). Suppose 7*r = m*r + 196. What is the greatest common factor of r and 14?
14
Suppose -2*a + 81 = -3*f, -a - f + 6*f = -51. Let m = 7 - -5. What is the highest common factor of a and m?
12
Let l(w) = w**2 - 4. Let g be l(3). Let m = 0 + g. What is the greatest common factor of 55 and m?
5
Let q be 78/(-65)*(-380)/6. Suppose -5*h + h + q = 0. Let s(a) = -a**3 - 5*a**2 - 5*a - 9. Let z be s(-6). What is the greatest common factor of h and z?
19
Suppose 0 = 5*z - s - 0*s - 750, -z + 150 = 2*s. Calculate the greatest common factor of z and 90.
30
Suppose 4*u - 418 = 5*m - 50, -3*u + 5*m + 276 = 0. Let n = u - -69. Calculate the greatest common divisor of 23 and n.
23
Let t be (-12 - -13)/(2/30). Suppose 46 = 2*w - 224. What is the highest common factor of t and w?
15
Let h(u) = u + 35. Let d be h(0). Suppose 4*v + 0*v - 62 = 3*s, 0 = -2*s - 4. Calculate the highest common factor of d and v.
7
Let j be (-12*(-45)/18)/((-3)/(-8)). Suppose 3*u - 41 = 7. Calculate the greatest common factor of j and u.
16
Suppose -r = 4*g + 3*r - 720, -2*r = -g + 186. Let k be (-52)/((-10)/30 + 5/(-3)). What is the greatest common divisor of k and g?
26
Suppose 81 = 1202*v - 1199*v. Calculate the highest common factor of 45 and v.
9
Let d(x) be the first derivative of 7*x**2/2 - 27*x - 23. Let g be d(11). Calculate the greatest common factor of g and 10.
10
Let c be -2 + (-4 - -10) + -1. Let s(z) = -z**3 + 3*z + 4*z**2 - 4*z**3 + c + 4*z**3. Let m be s(4). What is the greatest common divisor of m and 150?
15
Let z(k) = 6*k**2 - 2*k + 448. Let u be z(0). Calculate the highest common factor of u and 168.
56
Let w(s) = -s**2 + 8*s + 26. Let l be w(9). Let f(b) = 2*b**2 - 2*b - 6. Let y be f(5). What is the highest common divisor of l and y?
17
Suppose -3*c = -0*c - 5*h - 102, 2*c